te number?
True
Suppose -4*u - 14 = -3*c, 5*c - 32 = -6*u + 4*u. Let j(n) be the third derivative of n**6/120 - n**4/24 + 5*n**3/6 + 7*n**2. Is j(c) composite?
True
Let a(y) = -9 + 1 - 6 - 8 + 2 + 575*y. Is a(9) a composite number?
True
Let r = -3 - -5. Suppose -2*u + 4*o = 1656, -r*o = 5*u - 1140 + 5304. Let d = 1223 + u. Is d prime?
False
Is ((-211)/(-2))/(103820/5464 + -19) a composite number?
True
Suppose 18 = 2*y + 2*c - 0*c, 3*y - 7 = c. Suppose 3*f = -0 + 9, 59878 = 2*b + y*f. Is b a composite number?
True
Suppose 966542 - 2388529 - 1954444 = -27*w. Is w a composite number?
False
Suppose -2*b - 4 - 6 = -4*y, -2*b - 10 = 0. Let m be 2/3 + (y + -3)/(-9). Is 262/10*(m + 4) a prime number?
True
Suppose 0 = -32*g - 754 + 26418. Let y be 2606/6 + (-4)/(-6). Let v = g - y. Is v a prime number?
True
Let p(n) = n**3 + 10*n**2 + 4*n - 1. Suppose 4*q + 7*f = 2*f - 13, -3*q - f - 18 = 0. Let o be p(q). Suppose a + o = 2*a. Is a composite?
True
Let z be (-264)/(-26) + ((-72)/(-78))/(-6). Suppose -2*x + 2*m - 3725 = -3*x, z = 5*m. Is x a composite number?
True
Let g(o) = 5416*o**2 + 2*o - 2. Let x be g(1). Let l = x - -7928. Suppose -2926 = 2*i - l. Is i composite?
False
Let w be (-6 + 3)*973/(-21). Let g = w - 31. Suppose -g = 5*n - 5543. Is n a prime number?
True
Let d(g) = 3*g**2 - 17*g + 8. Let z be d(-4). Suppose z*c - 146*c = -6402. Is c a prime number?
False
Let x(t) = -2*t**3 + 4*t**2 - 3*t + 1. Let q be x(2). Let v be -1 + 10/q - 23. Is 2107/91 + 4/v composite?
False
Suppose 191*c - 187*c = -7028. Let y = -916 - c. Is y prime?
False
Let j be (-138)/(-4)*(-8)/12. Let m = -23 - j. Suppose 11*g + m*g = 1067. Is g a composite number?
False
Suppose 4*o + 16 = 0, 4*x - o - 13 + 1 = 0. Let q be x/3 - (-16)/3. Is ((-514)/4)/((-3)/q) a prime number?
True
Suppose 0 = 3*k - 3*a + 1 + 8, -2*a - 6 = k. Let g be (-20)/k + (-2 - -4). Is (g + -20)*(-1 - 22) a prime number?
False
Let s(w) = -w**3 - 24*w**2 + 23*w + 61. Let n be s(-26). Let b = n + 258. Is b a prime number?
False
Suppose -27*f = 31*f + 56*f - 109493238. Is f composite?
False
Suppose 4*t - 6*t = -26. Let i be -11 + 1 + (-26)/t. Is (-68)/((i/(-9))/((-8)/12)) a prime number?
False
Let v = -733 + 1345. Suppose 3*s + 2*p = -2*p + v, 3*s + 2*p = 606. Is (-5)/((-25)/3594) - (-40)/s prime?
True
Is 10531612/117 - (3 - 232/72) composite?
True
Let w(t) = 15 - 10*t + 511*t + 387*t + 1171*t. Is w(2) a prime number?
True
Suppose -7*z + 12*z + 5 = 0. Let y(x) = 2052*x**2 - 2*x - 1. Is y(z) prime?
True
Let d = 8714 + -6030. Suppose -5*n + 15 = -4*m + 46, m + 11 = -5*n. Suppose m*u + 2 = 3*u, -3*u + d = 5*k. Is k composite?
True
Let m(r) = 1081*r**3 + 7*r - 297. Is m(10) composite?
False
Suppose 74*q = 37*q + 12*q + 2989775. Is q a composite number?
False
Let f(q) = -9655*q**3 + 8*q**2 - 28*q - 139. Is f(-6) a composite number?
True
Let n(o) = 33*o**2 + 23*o + 9. Let s be n(-12). Is 8/(7 - 9) + s a prime number?
True
Let r = 431 + -367. Is 32/r + 3/((-6)/(-19801)) a prime number?
True
Let r(s) = -1051*s + 24. Let a be r(-23). Suppose 3*j - 5*h + 2574 - a = 0, 4*j - h - 28808 = 0. Is j a composite number?
True
Suppose -13*s = -4*s + 297908 - 2753063. Is s composite?
True
Let q(d) = 800*d - 63. Let h be 3 + ((-4)/(-5) + -1)*5. Is q(h) a composite number?
True
Let t be 9*-3*2/27. Is 94 - t/2 - (-4)/2 composite?
False
Suppose -3*t = -5*t + 3982. Suppose 416 = -k + 2*j + 46, 0 = 3*k + 4*j + 1090. Let y = t - k. Is y a prime number?
True
Let z(j) = 1082*j**3 - j**2 - 4. Is z(5) a prime number?
True
Let d = -200 - -202. Is (-29615)/(-7 + d) - (1 - -1) a prime number?
False
Let b = -84 - -90. Suppose 7*f - 11*f + 4*d = -36, -b = 2*f + 4*d. Suppose f*o - 7597 = -1542. Is o composite?
True
Let l be (-1092)/8*(-176)/(-12). Let g = -1186 - l. Let p = g - -1957. Is p a prime number?
False
Let v be 3504/(-5) - 8/40. Let r = v + 3120. Let o = r - 1304. Is o a prime number?
False
Let n = 907 + 1703. Suppose -3*d - 2*y + 1561 = 0, 5*y = 7*d - 2*d - n. Is d prime?
True
Suppose -8*v = -604380 + 24772. Is v prime?
False
Suppose -11*r - 24*r = -32970. Let v = 3311 - r. Is v a prime number?
False
Suppose 4*a - 13*i - 44 = -15*i, -a + 6 = 3*i. Is (-6 - -10)*110481/a a prime number?
False
Suppose 3*l + 8*q - 74872 = 9*q, 0 = 5*l - 4*q - 124782. Let n = -16631 + l. Is n composite?
True
Suppose 412962 = 22*c - 20*c - 5*n, -3*c = -n - 619495. Is c composite?
False
Suppose j + 2*a - 46 = 311, 4*a = 4*j - 1392. Suppose -5*c - j = -3*r + 587, -2*r + 3*c + 627 = 0. Is r composite?
True
Suppose -295817 = -2*t + 5*z, 4*z - 312606 = -5*t + 426953. Is t a prime number?
False
Suppose 569*f - 555*f - 86758 = 0. Is f prime?
True
Suppose 9*m - 10*m + q + 824866 = 0, 0 = -m - 2*q + 824851. Is m prime?
True
Let y be 20086/(-121) + (0 + 0 - -5). Let s = -453 - -213. Let x = y - s. Is x a prime number?
True
Let x be 4*((-17)/(-4) - 3). Suppose 10 = -b - 3*r, b = -2*b - x*r - 14. Suppose -5*h - 6030 = -5*m, -m - b*h + 1209 = -0*m. Is m prime?
False
Let k be -4*(10*3/(-6) + 4). Let v = k + 3. Suppose 3*d = 5*w - 18244, 2*w - 7306 = v*d - 3*d. Is w a prime number?
False
Suppose z - 3*n - 12 = 0, -5*z - 2*n - 40 + 151 = 0. Is (z - -6352) + 2/(-1) + 6 prime?
False
Let k(m) = 757*m**2 - 7*m + 24. Let s(x) = -x**2 - 1. Let i(q) = k(q) + 6*s(q). Let u(z) be the first derivative of i(z). Is u(3) composite?
True
Let i(o) = -o**3 - 3*o**2 - 10*o - 40. Let b be i(-7). Suppose 0 = b*t - 237*t + 133265. Is t composite?
True
Suppose 139494 = -23*g - 93174. Let j = g + 14875. Is j a composite number?
False
Let n(o) = 3238*o - 1423. Is n(44) prime?
False
Suppose 2*c + 2*y - 52912 = 0, 3*c - 5*y - 12890 - 66502 = 0. Is c prime?
True
Suppose -49*a - 16 = -53*a. Let v(d) = 66*d**3 - 2*d**2 + d + 5. Is v(a) prime?
True
Let y be (14 - 15)*(-5 - 0). Suppose -y*h + 26100 = 4*h. Suppose -h = -8*f - 12*f. Is f prime?
False
Suppose -575 = -14*i + 4325. Let f = i - -2119. Is f composite?
True
Suppose -c + 4*n = 2*n - 96961, 4*c + 6*n = 387746. Is c a prime number?
False
Let f(v) = 1235*v**2 + v + 464. Is f(-18) composite?
True
Let v = 124 - -970. Let n = -595 + v. Is n a prime number?
True
Suppose 193*g - 33495 = 188*g. Let w = g + 4154. Is w composite?
False
Let f be (-12 + 30)*43*(-1)/3. Let d be 3 - (-51)/(-21) - f/14. Suppose d*a - 812 = 15*a. Is a a composite number?
True
Suppose 3785180 - 11665566 = -62*z. Is z composite?
False
Let g be 189/315 + (-138744)/(-10). Suppose -j + g - 3752 = 0. Is j a composite number?
True
Let g(z) = -9*z**3 - 27*z**2 - 37*z - 21. Let j(t) = -5*t**3 - 6*t**2 - 33 - 7*t**2 + 22 - 18*t. Let v(b) = -6*g(b) + 11*j(b). Is v(17) a prime number?
True
Let b be (7 + -3 - -1)*4/10. Suppose -13535 = -b*d + 18475. Is (-6)/(-8) - (-2 + d/(-20)) a composite number?
True
Suppose -62*n + 11549772 = 54166. Is n a composite number?
True
Let m(g) = -31*g**3 + 3*g**2 + g + 24. Let s(d) = d**3 + d**2 - d - 1. Let o(k) = m(k) + 5*s(k). Let n be o(-9). Is (-3)/(-2) - n/(-22) prime?
False
Let y(h) = 2*h**2 + 58*h - 9. Let x be y(-32). Suppose -178*w = -x*w + 18985. Is w a prime number?
True
Let w(h) = 402*h + 1865. Is w(35) composite?
True
Let n be (6/(-15))/((-3)/30). Suppose c - 2 = n*f - 0, 0 = 2*c - 5*f - 7. Let v(y) = 32*y - 1. Is v(c) composite?
False
Let o(b) = -10520*b - 3979. Is o(-27) prime?
True
Suppose 503*t = 492*t + 4579993. Is t prime?
False
Suppose 18173 = 4*a - 0*a - 3*g, -3*a - 3*g + 13656 = 0. Is a composite?
False
Suppose 2*f = 5*f - 7656. Suppose 5*q - 2159 - 4218 = -4*p, f = 2*q + p. Is q a composite number?
False
Let x(c) be the second derivative of -3*c**2 - 6*c - 10/3*c**3 + 0. Is x(-31) composite?
True
Suppose -25624 + 71572 = 12*z. Suppose -10*l + 41759 = z. Is l prime?
True
Is 6/(-30) - ((-1442999872)/1360 + 8/68) prime?
False
Let k be 1/(2790/2787 - 1). Let u(l) = -22*l - 32. Let d be u(10). Let m = k + d. Is m a prime number?
True
Is (82/(-205) - (-4)/(-15))/((-2)/134727) composite?
False
Let m(b) = 1070*b + 1527. Is m(10) composite?
False
Suppose -n - 3*j = -1 - 2, -13 = -n - j. Suppose -o + n = 5*o. Suppose 0 = -3*k, o*q - 620 = -q + k. Is q a prime number?
False
Let q(y) = 1917*y**3 - y**2 - 2*y + 2. Let g be q(1). Suppose 0 = 2*p - z - 2*z - 1921, -2*z + g = 2*p. Is p a composite number?
True
Let j = -59 + 82. Let o = j - 31. Is